0874761?
2
What is the hundred millions digit of 3880825800?
8
What is the tens digit of 152879291?
9
What is the hundreds digit of 518859908?
9
What is the thousands digit of 1375225315?
5
What is the hundred millions digit of 241427056?
2
What is the hundreds digit of 3207659381?
3
What is the hundred thousands digit of 153142?
1
What is the tens digit of 37978541?
4
What is the units digit of 1204351218?
8
What is the hundred thousands digit of 45845889?
8
What is the hundred millions digit of 409858724?
4
What is the hundreds digit of 78260832?
8
What is the ten millions digit of 65344041?
6
What is the tens digit of 28633560?
6
What is the hundred thousands digit of 809708467?
7
What is the ten millions digit of 230874857?
3
What is the units digit of 763319253?
3
What is the ten millions digit of 64231194?
6
What is the tens digit of 4632885607?
0
What is the units digit of 2509664637?
7
What is the tens digit of 156819149?
4
What is the ten thousands digit of 43789051?
8
What is the hundreds digit of 110342476?
4
What is the millions digit of 1036562?
1
What is the tens digit of 1734356730?
3
What is the hundred thousands digit of 111892864?
8
What is the ten thousands digit of 3026466560?
6
What is the ten millions digit of 70218520?
7
What is the hundred millions digit of 398486067?
3
What is the hundreds digit of 4614552893?
8
What is the units digit of 888298?
8
What is the ten millions digit of 533963690?
3
What is the ten millions digit of 5403735817?
0
What is the ten thousands digit of 326316608?
1
What is the hundred thousands digit of 164040254?
0
What is the tens digit of 1296174001?
0
What is the ten thousands digit of 54293167?
9
What is the ten millions digit of 74472821?
7
What is the ten millions digit of 126517215?
2
What is the ten thousands digit of 789960179?
6
What is the hundreds digit of 741483376?
3
What is the hundred millions digit of 2700179813?
7
What is the hundred millions digit of 2783234478?
7
What is the hundred thousands digit of 180002992?
0
What is the hundreds digit of 199872317?
3
What is the tens digit of 66685325?
2
What is the units digit of 58393351?
1
What is the millions digit of 55675381?
5
What is the thousands digit of 297545231?
5
What is the billions digit of 3029467948?
3
What is the hundred millions digit of 1078967162?
0
What is the ten thousands digit of 307908447?
0
What is the thousands digit of 61111528?
1
What is the thousands digit of 784656245?
6
What is the millions digit of 40437621?
0
What is the hundred millions digit of 880808865?
8
What is the hundred thousands digit of 946088088?
0
What is the units digit of 411581329?
9
What is the ten millions digit of 265071412?
6
What is the millions digit of 15351615?
5
What is the hundred thousands digit of 131810106?
8
What is the tens digit of 1994513200?
0
What is the units digit of 268391159?
9
What is the units digit of 915100149?
9
What is the ten millions digit of 2538896609?
3
What is the hundred thousands digit of 27996960?
9
What is the ten millions digit of 126927701?
2
What is the hundred millions digit of 791954227?
7
What is the millions digit of 482063789?
2
What is the thousands digit of 4609230372?
0
What is the hundreds digit of 3451677118?
1
What is the ten millions digit of 230422902?
3
What is the thousands digit of 252773293?
3
What is the hundred millions digit of 3221542008?
2
What is the hundred thousands digit of 502467331?
4
What is the tens digit of 497626874?
7
What is the tens digit of 3583662464?
6
What is the units digit of 3288957804?
4
What is the ten thousands digit of 4808817088?
1
What is the units digit of 44093810?
0
What is the units digit of 1251496671?
1
What is the hundred thousands digit of 119948776?
9
What is the ten thousands digit of 3392290341?
9
What is the millions digit of 3512097083?
2
What is the thousands digit of 30888842?
8
What is the hundred thousands digit of 96654840?
6
What is the tens digit of 3550310556?
5
What is the tens digit of 56818864?
6
What is the billions digit of 3827720709?
3
What is the hundreds digit of 38864527?
5
What is the hundred thousands digit of 451218648?
2
What is the hundreds digit of 96373687?
6
What is the tens digit of 1218947158?
5
What is the hundred thousands digit of 621505959?
5
What is the hundred millions digit of 2903215356?
9
What is the tens digit of 49120696?
9
What is the hundred millions digit of 406394784?
4
What is the billions digit of 3995069972?
3
What is the units digit of 446660375?
5
What is the ten thousands digit of 72004884?
0
What is the tens digit of 577758007?
0
What is the tens digit of 2066710303?
0
What is the thousands digit of 1270031149?
1
What is the ten thousands digit of 1601702765?
0
What is the hundred thousands digit of 233842047?
8
What is the hundreds digit of 39463227?
2
What is the hundred millions digit of 861656585?
8
What is the units digit of 608908383?
3
What is the units digit of 41678508?
8
What is the ten thousands digit of 848698187?
9
What is the thousands digit of 2648386500?
6
What is the hundred thousands digit of 825506099?
5
What is the hundred thousands digit of 11782510?
7
What is the millions digit of 32247496?
2
What is the millions digit of 61234856?
1
What is the units digit of 120200487?
7
What is the ten millions digit of 34213931?
3
What is the thousands digit of 141780778?
0
What is the hundred thousands digit of 3892338225?
3
What is the units digit of 565714013?
3
What is the hundred thousands digit of 1792089228?
0
What is the units digit of 17464668?
8
What is the hundreds digit of 45386683?
6
What is the billions digit of 2640370147?
2
What is the hundred thousands digit of 1160101826?
1
What is the tens digit of 76324299?
9
What is the units digit of 242405588?
8
What is the ten millions digit of 124558332?
2
What is the tens digit of 43344757?
5
What is the units digit of 9173332?
2
What is the thousands digit of 3835586760?
6
What is the units digit of 342670121?
1
What is the ten thousands digit of 103217949?
1
What is the ten thousands digit of 103931798?
3
What is the units digit of 471979874?
4
What is the millions digit of 7355667?
7
What is the hundreds digit of 297418265?
2
What is the hundreds digit of 63540390?
3
What is the hundreds digit of 101092665?
6
What is the ten thousands digit of 79038334?
3
What is the tens digit of 37412994?
9
What is the hundred millions digit of 4753674244?
7
What is the ten thousands digit of 7980439828?
3
What is the hundred millions digit of 2157244235?
1
What is the units digit of 24745817?
7
What is the ten millions digit of 404792165?
0
What is the thousands digit of 80095814?
5
What is the hundred thousands digit of 81994913?
9
What is the millions digit of 40061462?
0
What is the hundred thousands digit of 134928300?
9
What is the ten millions digit of 450134674?
5
What is the hundreds digit of 82927805?
8
What is the hundreds digit of 14969733?
7
What is the hundreds digit of 190421227?
2
What is the hundred thousands digit of 53650025?
6
What is the hundred thousands digit of 208294375?
2
What is the hundred thousands digit of 4050032613?
0
What is the thousands digit of 73440493?
0
What is the ten millions digit of 150915223?
5
What is the thousands digit of 196698205?
8
What is the millions digit of 393987202?
3
What is the tens digit of 534131156?
5
What is the tens digit of 1478351475?
7
What is the hundred thousands digit of 176807781?
8
What is the units digit of 304722163?
3
What is the thousands digit of 3953200990?
0
What is the hundred thousands digit of 573646089?
6
What is the ten millions digit of 25348943?
2
What is the thousands digit of 1860590884?
0
What is the ten thousands digit of 26115174?
1
What is the hundred millions digit of 4183145255?
1
What is the units digit of 5051460185?
5
What is the thousands digit of 2494565916?
5
What is the tens digit of 697687593?
9
What is the ten millions digit of 24243516?
2
What is the units digit of 242944445?
5
What is the ten thousands digit of 52225486?
2
What is the units digit of 59034318?
8
What is the tens digit of 1609422211?
1
What is the hundreds digit of 3053004972?
9
What is the units digit of 36597950?
0
What is the ten thousands digit of 80597